e o(-45).
2
Let c(f) = 25*f + 1196. What is c(-45)?
71
Let v(y) = 3*y**2 - 7*y - 1337. Determine v(-20).
3
Let t(u) = 105*u**3 - 2836*u**2 + 29*u - 63. Determine t(27).
-9
Let p(a) = a - 6. Give p(-4).
-10
Let j(v) = v**2 + 2*v - 100. Give j(10).
20
Let h(c) = 6*c**2 - 91*c - 57. What is h(18)?
249
Let m(h) = 12*h**3 - 183*h**2 - 148*h + 69. Give m(16).
5
Let l(w) = 4*w**2 + 82*w + 290. What is l(-16)?
2
Let l(r) = -r**3 - 41*r**2 - 434*r - 383. Determine l(-18).
-23
Let m(j) = -2*j**3 - 17*j**2 + 9*j - 3. Determine m(-8).
-139
Let j(v) = 2616*v + 31396. What is j(-12)?
4
Let b(s) = -10*s**2 + 230*s + 1. What is b(23)?
1
Let m(l) = 7*l**2 - 25*l - 38. Determine m(5).
12
Let r(t) = 2*t**3 - 175*t**2 + 255*t + 204. Determine r(86).
-54
Let m(b) = -b**2 - 21905*b - 109496. Give m(-5).
4
Let p(q) = -31*q + 1596. What is p(40)?
356
Let n(t) = -t**2 + 32*t + 577. Give n(-13).
-8
Let q(n) = -n**3 + 29*n**2 + 31*n + 7. What is q(30)?
37
Let d(f) = -f**3 + 13*f**2 + 19*f - 19. What is d(13)?
228
Let j(r) = -19*r + 987. Determine j(49).
56
Let l(j) = -j**3 - 86*j**2 - 249*j - 22. What is l(-83)?
-22
Let o(k) = 410*k - 1661. Give o(4).
-21
Let r(g) = -2*g**2 + 64*g - 349. Calculate r(7).
1
Let o(m) = -3*m + 79. What is o(-9)?
106
Let d(p) = p**2 + 69*p - 2078. Give d(-92).
38
Let k(l) = -2*l**3 + 6*l**2 - 76*l + 153. What is k(2)?
9
Let z(h) = -h**2 - 4*h + 49. What is z(5)?
4
Let o(y) = -y**2 - 20*y - 80. Give o(-18).
-44
Let z(g) = -666*g - 6001. What is z(-9)?
-7
Let m(g) = 2*g**3 - 63*g**2 - 30*g - 7. Give m(32).
57
Let z(y) = 45*y + 113. Calculate z(-6).
-157
Let t(b) = -186*b + 4. Determine t(1).
-182
Let f(a) = 3*a - 76. Calculate f(31).
17
Let h(b) = -3*b**2 + 121*b + 661. What is h(-6)?
-173
Let d(z) = -z**3 - 44*z**2 + 194*z + 90. Give d(-48).
-6
Let i(u) = -u**3 - 49*u**2 - 13*u - 40. Determine i(-49).
597
Let g(i) = -3*i**2 + 57*i - 43. Calculate g(16).
101
Let g(w) = -78*w**3 - 41*w - 40. Calculate g(-1).
79
Let c(n) = -n**2 + 8*n - 14. Give c(-8).
-142
Let q(s) = -3*s**3 + 5*s**2 + 188*s + 14. What is q(-7)?
-28
Let p(r) = 4*r + 57. Give p(13).
109
Let m(q) = 336*q - 9071. Determine m(27).
1
Let m(g) = -342*g + 3819. Give m(11).
57
Let l(k) = -589*k + 4726. What is l(8)?
14
Let o(n) = -272*n - 464. Determine o(-2).
80
Let u(h) = -3*h**3 - 149*h**2 + 41*h - 382. Give u(-50).
68
Let q(o) = 5*o**2 - 48*o + 12. Calculate q(9).
-15
Let z(y) = -y**2 - 141*y - 2179. Give z(-18).
35
Let i(q) = 871*q - 3387. Determine i(4).
97
Let w(k) = k**2 + 99*k + 734. What is w(-8)?
6
Let g(p) = -p**2 - 548*p - 73922. Determine g(-308).
-2
Let p(u) = -u**3 - 11*u**2 - 30*u - 32. Calculate p(-6).
-32
Let k(p) = 3*p**2 + 18*p + 14. What is k(-5)?
-1
Let p(v) = v**3 + 41*v**2 + 99*v - 681. Determine p(-38).
-111
Let s(m) = 5*m**3 + 213*m**2 - 85*m + 34. Determine s(-43).
-9
Let h(v) = -138*v + 2186. Determine h(16).
-22
Let q(v) = -v**2 + 13905. Give q(118).
-19
Let z(k) = -8*k**3 + 25*k**2 + 41*k - 38. Determine z(-2).
44
Let z(x) = -x**2 + 89*x + 389. Give z(-4).
17
Let a(l) = -15502*l - 62006. Calculate a(-4).
2
Let g(v) = 3*v**3 - 4*v**2 + 4*v + 16. Give g(-2).
-32
Let c(n) = -n**2 - 69*n + 1675. Give c(-88).
3
Let t(l) = 7*l**2 - 36*l - 87. Calculate t(-2).
13
Let l(f) = 58*f - 1414. Calculate l(26).
94
Let s(y) = y**3 - 14*y**2 + 22*y + 91. Determine s(13).
208
Let c(t) = 46*t - 406. What is c(17)?
376
Let v(i) = 6*i**2 - 50*i + 80. Give v(2).
4
Let u(m) = 30*m**2 - 29*m - 38. Give u(-1).
21
Let z(p) = p**3 + 311*p**2 + 624*p + 8. Calculate z(-2).
-4
Let n(o) = o**3 + 5*o**2 - 34*o - 149. Calculate n(-5).
21
Let b(o) = -35*o - 2132. What is b(-69)?
283
Let b(l) = -l**3 - 94*l**2 - 367*l - 783. Give b(-90).
-153
Let w(j) = -382*j + 3846. Determine w(10).
26
Let j(g) = -7*g**3 - 370*g**2 + 61*g + 410. Calculate j(-53).
-14
Let h(f) = f**3 + 16*f**2 + 67*f + 25. What is h(-7)?
-3
Let p(w) = -14*w**2 - 451*w - 95. Determine p(-32).
1
Let d(v) = -v**3 - 23*v**2 - 16*v + 32. Give d(-22).
-100
Let d(g) = -536*g - 6920. What is d(-13)?
48
Let z(a) = 2*a**3 + 51*a**2 - 222*a + 27. Calculate z(4).
83
Let v(x) = -15*x + 284. Calculate v(17).
29
Let a(f) = -f**3 + 11*f**2 + 15*f - 96. What is a(9)?
201
Let n(k) = -k**2 - 44*k + 1833. Determine n(-70).
13
Let g(a) = a**3 - 50*a**2 - 277*a + 34. Calculate g(55).
-76
Let w(t) = -t**3 - 129*t**2 - 1183*t + 834. Calculate w(-119).
1
Let s(l) = 2*l**3 - 13*l**2 - 27*l + 155. What is s(6)?
-43
Let f(g) = 10*g**2 + 39*g + 5. What is f(-5)?
60
Let z(v) = v**3 - 8*v**2 - 131. What is z(11)?
232
Let z(k) = -24*k - 1295. Determine z(-57).
73
Let d(s) = 2*s**3 - 74*s**2 - 425*s - 12. Give d(-5).
13
Let j(r) = 31*r**2 + 162*r + 52. Calculate j(-5).
17
Let b(m) = -m**3 + 8*m**2 - 9*m - 29. What is b(5)?
1
Let n(x) = -2*x**3 + 67*x**2 - 40*x + 170. Determine n(33).
-61
Let r(p) = p**3 - 117*p**2 + 761*p + 978. Calculate r(110).
-12
Let m(v) = 2*v**2 - 100*v + 440. Calculate m(45).
-10
Let w(a) = a**3 - 92*a**2 - 4773*a + 52. Calculate w(129).
52
Let h(p) = -p**2 - 1259*p + 7586. Give h(6).
-4
Let m(c) = c**2 - 35*c - 121. Determine m(39).
35
Let y(s) = 5*s + 632. Determine y(-123).
17
Let i(y) = 2*y**3 + 6*y**2 - 8*y + 13. What is i(-5)?
-47
Let u(f) = -f**3 - 11*f**2 - 31*f - 311. Give u(-12).
205
Let x(u) = 60*u - 329. Determine x(-4).
-569
Let n(w) = w**3 + 9*w**2 - 66*w - 14. What is n(5)?
6
Let z(l) = -3*l**2 + 5*l - 57. Calculate z(-8).
-289
Let i(j) = -9*j - 59. Calculate i(-16).
85
Let m(n) = -2755*n + 5504. Give m(2).
-6
Let y(o) = o**3 - 11*o**2 + 20*o - 21. What is y(9)?
-3
Let i(d) = -d**2 - 38*d - 186. What is i(-6)?
6
Let f(n) = -2*n**3 + 225*n**2 - 336*n + 295. What is f(111)?
-38
Let j(p) = 580*p - 3102. Give j(6).
378
Let f(s) = -22*s - 395. Determine f(-33).
331
Let v(f) = 145*f - 18. What is v(1)?
127
Let d(t) = 3*t**3 - 15*t**2 + 43*t - 107. Give d(4).
17
Let l(k) = k**2 + 10*k - 25. Give l(4).
31
Let x(d) = 208*d + 49. Give x(-2).
-367
Let x(i) = i**3 - 8*i**2 - 19*i - 36. What is x(10)?
-26
Let a(i) = 34*i - 1114. Calculate a(27).
-196
Let o(m) = m**3 - 10*m**2 - 3*m - 15. What is o(10)?
-45
Let y(j) = 116*j + 4844. Calculate y(-43).
-144
Let u(h) = h**3 + 56*h**2 + 62*h + 421. Calculate u(-55).
36
Let r(d) = -3*d - 7. Calculate r(-2).
-1
Let p(r) = 8*r**2 - 14*r + 12. Determine p(1).
6
Let b(w) = -21*w**2 - 5*w + 2. What is b(1)?
-24
Let l(o) = -24*o**2 - 22*o + 108. Give l(4).
-364
Let k(s) = 9*s**2 + 979*s - 213. What is k(-109)?
5
Let f(t) = -t**3 + 68*t**2 + 92*t - 1577. Calculate f(69).
10
Let u(f) = -f**2 + 38*f + 77. What is u(24)?
413
Let o(c) = 12*c**2 + 33*c - 9. Calculate o(-3).
0
Let i(r) = -r**2 - 107*r - 2101. Give i(-81).
5
Let f(m) = -352*m - 2145. What is f(-6)?
-33
Let h(a) = 11*a**2 - 376*a + 20. Give h(34).
-48
Let p(j) = -2*j**3 + 83*j**2 + 37*j + 200. Give p(42).
-10
Let h(n) = n**2 - 5*n - 90. Determine h(10).
-40
Let q(b) = b**3 - 32*b**2 + 210*b - 68. What is q(23)?
1
Let g(f) = 37*f - 22. Determine g(3).
89
Let o(q) = q**3 - 11*q**2 + 9*q + 12. Determine o(2).
-6
Let n(d) = d**2 + 227*d + 1753. Determine n(-8).
1
Let q(d) = -11*d**2 + 395*d + 834. Calculate q(38).
-40
Let b(z) = 9*z + 521. Determine b(-55).
26
Let i(w) = w**2 + 18*w + 140. Determine i(-9).
59
Let a(r) = -r**2 + 55*r - 297. Calculate a(49).
-3
Let z(s) = -s**2 + 68*s - 1145. Calculate z(36).
7
Let r(c) = -c**2 + 142*c - 4484. Determine r(47).
-19
Let t(l) = 14*l - 104. Calculate t(13).
78
Let n(t) = 2*t**3 + 94*t**2 + 260*t - 346. Determine n(-44).
-170
Let j(o) = o**2 + 44*o - 4258. Calculate j(-88).
-386
Let r(x) = x**2 - 110*x + 2988. What is r(49)?
-1
Let r(p) = -2*p**3 - 13*p**2 + 89*p + 572. What is r(-7)?
-2
Let y(k) = 38*k + 59. Give y(5).
249
Let p(x) = -59*x - 652. Determine p(-11).
-3
Let f(y) = y**3 + 15*y**2 + 56*y + 33. Give f(-10).
-27
Let n(l) = -l**3 - 268*l**2 - 474*l + 15426. What is n(-266)?
-2
Let d(l) = l**3 - 5*l**2 - 41*l - 17. What is d(7)?
-206
Let f(d) = 25*d**2 + 24*d - 83. Determine f(5).
662
Let w(s) = s**3 - 736*s**2 - 2220*s - 2. What is w(-3)?
7
Let l(p) = 2*p**2 - 6*p + 39. Calculate l(4).
47
Let l(j) = -2*j**3 + 23*j + 1. Calculate l(4).
-35
Let r(k) = -k**2 - 30*k - 203. Determine r(-21).
-14
Let s(h) = -356*h - 30653. What is s(-86)?
-37
Let w(x) = 3*x**2 + 70*x + 138. What is w(-